 a(-1)?
10
Suppose -54 = 5*x - 34. What is the remainder when 1/(-8) + (-609)/(-8) - x is divided by 27?
26
Let m(k) = 25*k - 3. What is the remainder when m(3) is divided by 14/(-21)*-12 + 1*-6 - -35?
35
Let r be 3 + ((-32)/(-4))/(-2). Calculate the remainder when 40 is divided by r*30/(-3) - -4.
12
Let t be -1 - 3*-1 - -1. Let r(u) = u**3 - 13*u**2 - 37*u - 48. Let m be r(16). Suppose m = l + t*l. What is the remainder when 62 is divided by l?
30
Let c(l) = l - 3. Let r be c(-10). Let y = r - -12. What is the remainder when ((-132)/8)/(y/2) is divided by 17?
16
Suppose -6*h - 38 = -590. What is the remainder when h is divided by 30?
2
Suppose 365 = 30*b - 25. Calculate the remainder when b is divided by 4.
1
Let v = 293 - 222. What is the remainder when 267 is divided by v?
54
Suppose 0 = -11*o - 609 - 634. Let m = o - -122. What is the remainder when 61 is divided by m?
7
Let r(n) = 4*n - 48. Let x be r(12). Suppose -15 = -z + m, -40 = -5*z - 2*m - x*m. Calculate the remainder when 109 is divided by z.
9
Let b(a) = -2*a**3 + 3*a**2. Let t(x) = 4*x**3 - 3*x**2 + 2*x - 2*x**2 + 0*x + x**2 + 1. Calculate the remainder when b(-3) is divided by t(2).
18
Let t(n) = -n**2 + 11*n + 35. Calculate the remainder when t(6) is divided by 11.
10
Let a = -82 - -81. Calculate the remainder when 86 is divided by 1253/42 + a/(-6).
26
Suppose 3*k - 4*o - 32 - 12 = 0, -k - 2*o = -8. Calculate the remainder when 46 is divided by k.
10
Let g(p) = -p - 5*p - 5*p - 1. Suppose b - 2*b = -22. What is the remainder when g(-8) is divided by b?
21
Let u(t) = -2*t**3 - 2*t**2 + 6*t + 6. Let l = -46 - -42. Calculate the remainder when u(-4) is divided by (8 + l - 6) + 22.
18
Let z(j) = 12*j + 1. Suppose w + 13 = 3*s, -5*w + 0*w = -4*s + 32. What is the remainder when 90/60*((-484)/(-5) + 2/(-15)) is divided by z(s)?
34
Let d(o) = -o**2 - 9*o + 20. Let r be d(-10). What is the remainder when 136 is divided by r*3 - (-15 - -10)?
31
Suppose 5*f - 5*t - 10 = 20, 5*t = -3*f - 14. Calculate the remainder when (-156)/(-42) + (f - (-12)/(-7)) is divided by 2.
0
Suppose -2*d - 64 = 2*d. Let k = d + 28. What is the remainder when 45 is divided by k?
9
Let d = -238 + 310. Calculate the remainder when 214 is divided by d.
70
Suppose 0 = -14*r + 41 + 855. What is the remainder when 572 is divided by r?
60
Let v = -84 + 87. Let l = -1 + 1. Suppose 2*t + 10 = l, a + v*t + 3 = -5. What is the remainder when 20 is divided by a?
6
Let t = -191 + 215. Calculate the remainder when 261 is divided by t.
21
What is the remainder when ((-225)/10)/((-6)/(-8)*-1) is divided by 18?
12
Let t(o) = -o**2 - 12*o + 4. Let m = 3114 - 3105. What is the remainder when t(-6) is divided by m?
4
Suppose y = 5*x - 113, 0*y - 5*y = -3*x + 81. What is the remainder when x is divided by 5?
2
Let m = 162 - 143. Suppose 23*f = m*f + 44. What is the remainder when 31 is divided by f?
9
Let x = -51 + 102. Suppose 3*v + 5*j - x = 0, 3*v = j + 2 + 31. What is the remainder when 142 is divided by v?
10
Let w = -70 + 75. Let f(b) = b. What is the remainder when 23 is divided by f(w)?
3
Let r(p) = 3*p**2 + 4*p + 2. Let n be r(-2). Suppose -90 - 36 = -n*i. Calculate the remainder when 81 is divided by i.
18
Suppose 72 = 3*a + a. Suppose m - a = -w, 5*m = w + 95 + 13. Calculate the remainder when 38 is divided by m.
17
What is the remainder when 3/((-21)/(-27440)*10) is divided by 135?
122
Suppose -64 = -2*b + 5*g, -3*b + 2*g = g - 83. Suppose -4*u + b - 3 = 0. Let s = -53 - -76. Calculate the remainder when s is divided by u.
5
Suppose -2947 - 8177 = -27*p. What is the remainder when p is divided by 23?
21
Suppose 12*k - 238 = -2*k. Calculate the remainder when 51 is divided by k.
0
Suppose -3 = -3*w + 3*m, 6*w - 3*m = w - 5. Suppose 42 = 5*a - 13. Let f = a - w. What is the remainder when f is divided by 8?
7
Let a = 9 - -42. What is the remainder when 184 is divided by a?
31
Let d = -17 + 18. Calculate the remainder when 77 + d + 4 + -2 is divided by 41.
39
Let q = -44 - -74. Suppose 0 = -3*c - 5*h + 3 + 4, h + 13 = 3*c. Suppose -3*b - 21 = c*a - 85, 3*b = 4*a + 32. Calculate the remainder when q is divided by b.
14
Let l(j) = -j**2 + 7*j - 6. Let q be l(6). Suppose 74 = 4*o - q*o + 3*d, 4*d = 5*o - 77. What is the remainder when o is divided by 8?
1
Let n = 163 - 252. Let h = n - -98. Suppose -4*j - 106 = -3*t, -j - 68 = -5*t + 103. Calculate the remainder when t is divided by h.
7
Suppose 2*i - 366 = -5*s, 4*i - 8 = 4. Let l = -2328 - -2353. Calculate the remainder when s is divided by l.
22
Suppose 3*u + u - 12 = 0, 5*f - 83 = -u. What is the remainder when 137 is divided by f?
9
Suppose 0 = b + 4*b - 35. Suppose 51 - 37 = 2*g. What is the remainder when b is divided by g?
0
Let b be 0*1/2 - -4. Suppose 5*t = -4*j + 160, 4*j - 3*t = -b*t + 144. Calculate the remainder when j is divided by 6.
5
Let w be (2 + 4)*(-4)/(-8). Suppose 20 = w*a + a. Suppose a*y = 3*i + 90, 0 = -2*y - i + 33 - 8. What is the remainder when 72 is divided by y?
12
Suppose -85 - 10 = -5*j. Calculate the remainder when 75 is divided by j.
18
Suppose 0*j = -8*j + 496. Calculate the remainder when j is divided by 24.
14
Suppose 4*y - 144 = 3*q, -4*y + q = 5*q - 116. Suppose 0*n = -3*n + y. What is the remainder when 17 is divided by n?
6
Let r(p) = 8*p - 11*p - 31 + 9*p + 8*p. What is the remainder when r(10) is divided by 16?
13
Suppose 0 = -4*b + w + 115, -2*w = -5*b - w + 143. Let a = -2 + -6. Let j = a + 24. Calculate the remainder when b is divided by j.
12
What is the remainder when 456/5 + (-11)/55 is divided by 29?
4
Suppose -5*m = -f + 115, f + 12 = -2*m - 34. What is the remainder when 3 - 0 - (m - 2) is divided by 6?
4
Let g = -23 + 60. Suppose 0 = 2*w - 3*w + g. What is the remainder when w is divided by 13?
11
Let u(w) = -2*w + w**2 + 2*w - 8*w - 19. Let r = 33 + -7. What is the remainder when r is divided by u(11)?
12
Suppose -3*h + 3*s = -54, -4*h - 5*s + 84 = -6*s. Suppose 26*v - 144 = h*v. What is the remainder when v is divided by 8?
4
Let g(z) = -z**3 + 12*z**2 - 18*z - 6. Let h be 9 + (-3 + 2)*-1. What is the remainder when 27 is divided by g(h)?
13
Suppose -3*n + 106 = 2*a, -5*a + a + 3*n = -230. Calculate the remainder when 1118 is divided by a.
54
Calculate the remainder when 112 + -105 - (-3)/((-6)/(-2798)) is divided by 94.
90
Calculate the remainder when 129 is divided by ((-10)/15)/(4/(-264)).
41
Let c be (9/2)/(10/20). Suppose -c*m + 2*m + 56 = 0. Let v = 0 - -3. Calculate the remainder when m is divided by v.
2
Suppose -p + 3*m + 222 = -129, -5*p + 1737 = 3*m. Calculate the remainder when p is divided by 112.
12
Suppose -17*h = -25*h + 144. What is the remainder when 101 is divided by h?
11
Suppose 4*f = f - 18. What is the remainder when (-394)/(-4) + (-3)/f is divided by 20?
19
Let q = 34 + -48. Let k = 16 - q. Let y(v) = -v**3 + v**2 - v + 117. What is the remainder when y(0) is divided by k?
27
What is the remainder when (5634/(-42))/(-3) + 6/21 is divided by 16?
13
Calculate the remainder when 55 is divided by 36 + 1/((-1)/(-8)*-2).
23
Let o = -273 - -336. Suppose -3*a - a + 45 = 5*d, 4*a + 59 = 3*d. What is the remainder when o is divided by d?
11
Suppose -420 = 97*h - 109*h. Calculate the remainder when 55 is divided by h.
20
Let b(m) be the first derivative of 3/2*m**2 + 3*m + 4/3*m**3 + 1 - 1/4*m**4. What is the remainder when b(4) is divided by 8?
7
Let i(a) = -a**2 + 9*a - 10. Suppose -2*u = 3*u - 40. Let g be i(u). What is the remainder when 13 is divided by 35/15*(-6)/g?
6
Let w(v) = 3*v**2 - 2*v + 7. Let s(m) = 10*m + 126. Calculate the remainder when w(6) is divided by s(-10).
25
Let g = 5 + -14. Let b = 18 + g. What is the remainder when 16 - (0 - -2)*1 is divided by b?
5
Suppose 2*l + 3*l - 65 = 0. Suppose -25 = -l*c + 8*c. Suppose 68 = -z + c*z. Calculate the remainder when 49 is divided by z.
15
Suppose 5*z - 2*a - 369 = a, z = -5*a + 57. Suppose d = 4*k - 0*d - 203, 4*d = -k + z. Calculate the remainder when k is divided by 27.
25
Suppose 0*p = 15*p - 2115. Calculate the remainder when p is divided by 77.
64
Let v(j) = -3*j - 2. Let u be v(-2). Let b be (-1)/u + 68/16. Suppose 0*c + 5*f = -b*c + 114, 0 = 5*f - 10. Calculate the remainder when 75 is divided by c.
23
Suppose 0 = w - 32 + 14. Let 